{"id":485,"date":"2015-02-09T14:49:22","date_gmt":"2015-02-09T13:49:22","guid":{"rendered":"http:\/\/www.costronic.ch\/?page_id=485"},"modified":"2019-12-20T15:46:56","modified_gmt":"2019-12-20T13:46:56","slug":"kompetenzen-2","status":"publish","type":"page","link":"https:\/\/www.costronic.ch\/index.php\/kompetenzen-2\/","title":{"rendered":"Kompetenzen"},"content":{"rendered":"<div class=\"row\">\n\t<div class=\"wpb_content_element span12 wpb_text_column\">\n\t\t<div class=\"wpb_wrapper clearfix\">\n\t\t\t\n<h2>Kompetenzen<\/h2>\n<hr \/>\n\n\t\t<\/div> \n\t<\/div> <\/div>\n <div class=\"row\">\n\t<div class=\"wpb_content_element span12 wpb_text_column\">\n\t\t<div class=\"wpb_wrapper clearfix\">\n\t\t\t\n<p><img loading=\"lazy\" decoding=\"async\" class=\"alignleft wp-image-365\" src=\"https:\/\/www.costronic.ch\/wp-content\/uploads\/2014\/10\/illu_costro-012-300x300.png\" alt=\"\" width=\"420\" height=\"420\" srcset=\"https:\/\/www.costronic.ch\/wp-content\/uploads\/2014\/10\/illu_costro-012-300x300.png 300w, https:\/\/www.costronic.ch\/wp-content\/uploads\/2014\/10\/illu_costro-012-150x150.png 150w, https:\/\/www.costronic.ch\/wp-content\/uploads\/2014\/10\/illu_costro-012.png 625w\" sizes=\"(max-width: 420px) 100vw, 420px\" \/><\/p>\n<p>Costronic hat eine breite Palette von Kompetenzen entwickelt, die es ihr erm\u00f6glichen, diese zu einem einheitlichen Ganzen zu vereinen und so schl\u00fcsselfertige, praxisorientierte und f\u00fcr jede Art von Projekt geeignete L\u00f6sungen anzubieten.<\/p>\n<p><strong>Wir arbeiten in den folgenden Fachgebieten:<\/strong><\/p>\n<ul>\n<li>Informatik und industrielle Netze,\u00a0\u00dcberwachungssysteme, SCADA<\/li>\n<li>Automatik Engineering und Steuerung<\/li>\n<li>Verfahrensregulierung, Energieverwaltung<\/li>\n<li>Elektro Engineering (Schemen, Listen, Verzeichnisse, \u2026)<\/li>\n<li>Bau und Erstellung von Schalttafeln<\/li>\n<\/ul>\n<p><strong>Diese Projektbetreuungen werden mit spezifischen Kompetenzen von hohem Mehrwert vervollst\u00e4ndigt:<\/strong><\/p>\n<ul>\n<li>Geschwindigkeitsregulierung der hydraulischen Gruppen (Pelton, Francis, Kaplan,\u2026)<\/li>\n<li>Spannungsregulierung der hydraulischen Gruppen<\/li>\n<li>Analyse, Berechnung und Regulierung der elektrischen Sch\u00fctze der hydraulischen Gruppen<\/li>\n<li>Die Optimierung Ihrer Installation auf der Stufe der Leitung, dem hydraulischen Betrieb und der globalen Verwaltung Ihrer Einrichtung<\/li>\n<li>Die Erstellung eines Ger\u00e4ts f\u00fcr die automatische F\u00fchrung der Einrichtung f\u00fcr die Prognose und die Planung Ihrer hydraulischen Einrichtungen<\/li>\n<\/ul>\n\n\t\t<\/div> \n\t<\/div> <\/div>\n\n","protected":false},"excerpt":{"rendered":"","protected":false},"author":3,"featured_media":0,"parent":0,"menu_order":0,"comment_status":"open","ping_status":"open","template":"","meta":{"footnotes":""},"class_list":["post-485","page","type-page","status-publish","hentry"],"jetpack_sharing_enabled":true,"jetpack_shortlink":"https:\/\/wp.me\/P5cYP3-7P","_links":{"self":[{"href":"https:\/\/www.costronic.ch\/index.php\/wp-json\/wp\/v2\/pages\/485"}],"collection":[{"href":"https:\/\/www.costronic.ch\/index.php\/wp-json\/wp\/v2\/pages"}],"about":[{"href":"https:\/\/www.costronic.ch\/index.php\/wp-json\/wp\/v2\/types\/page"}],"author":[{"embeddable":true,"href":"https:\/\/www.costronic.ch\/index.php\/wp-json\/wp\/v2\/users\/3"}],"replies":[{"embeddable":true,"href":"https:\/\/www.costronic.ch\/index.php\/wp-json\/wp\/v2\/comments?post=485"}],"version-history":[{"count":5,"href":"https:\/\/www.costronic.ch\/index.php\/wp-json\/wp\/v2\/pages\/485\/revisions"}],"predecessor-version":[{"id":3047,"href":"https:\/\/www.costronic.ch\/index.php\/wp-json\/wp\/v2\/pages\/485\/revisions\/3047"}],"wp:attachment":[{"href":"https:\/\/www.costronic.ch\/index.php\/wp-json\/wp\/v2\/media?parent=485"}],"curies":[{"name":"wp","href":"https:\/\/api.w.org\/{rel}","templated":true}]}}