{"id":462,"date":"2015-02-09T14:11:22","date_gmt":"2015-02-09T13:11:22","guid":{"rendered":"http:\/\/www.costronic.ch\/?page_id=462"},"modified":"2019-12-20T15:33:06","modified_gmt":"2019-12-20T13:33:06","slug":"462-2","status":"publish","type":"page","link":"https:\/\/www.costronic.ch\/index.php\/462-2\/","title":{"rendered":"Aktivit\u00e4ten-Gebiet"},"content":{"rendered":"<p><img loading=\"lazy\" decoding=\"async\" class=\"&quot; style=&quot;margin: 15px;&quot; alignleft wp-image-215\" style=\"margin-right: 20px;\" src=\"https:\/\/www.costronic.ch\/wp-content\/uploads\/2014\/10\/4-images1-1024x576.jpg\" alt=\"\" width=\"753\" height=\"423\" srcset=\"https:\/\/www.costronic.ch\/wp-content\/uploads\/2014\/10\/4-images1-1024x576.jpg 1024w, https:\/\/www.costronic.ch\/wp-content\/uploads\/2014\/10\/4-images1-300x168.jpg 300w, https:\/\/www.costronic.ch\/wp-content\/uploads\/2014\/10\/4-images1.jpg 1280w\" sizes=\"(max-width: 753px) 100vw, 753px\" \/><\/p>\n<p>In verschiedenen Bereichen entwirft, fertigt und installiert Costronic Ihre Steuerungs- und Automatisierungssysteme schl\u00fcsselfertig.<\/p>\n<p>Wenn Costronic in jedem Steuerungssystem-Projekt vertreten sein m\u00f6chte, ist sie insbesondere ein gesch\u00e4tzter Integrator f\u00fcr gro\u00dfe Stromerzeuger und -verteiler.<\/p>\n<p>Unsere L\u00f6sungen decken folgende T\u00e4tigkeitsbereiche ab:<\/p>\n<ul>\n<li>&#8211; \u00a0Hydraulische Zentrale<\/li>\n<li>&#8211; \u00a0Energietransport (HS-MS-NS)<\/li>\n<li>&#8211; \u00a0Kl\u00e4ranlage<\/li>\n<li>&#8211; \u00a0Industrie und Strassendienst<\/li>\n<\/ul>\n","protected":false},"excerpt":{"rendered":"<p>In verschiedenen Bereichen entwirft, fertigt und installiert Costronic Ihre Steuerungs- und Automatisierungssysteme schl\u00fcsselfertig. Wenn Costronic in jedem Steuerungssystem-Projekt vertreten sein m\u00f6chte, ist sie insbesondere ein gesch\u00e4tzter Integrator f\u00fcr gro\u00dfe Stromerzeuger und -verteiler. Unsere L\u00f6sungen decken folgende T\u00e4tigkeitsbereiche ab: &#8211; \u00a0Hydraulische Zentrale &#8211; \u00a0Energietransport (HS-MS-NS) &#8211; \u00a0Kl\u00e4ranlage &#8211; \u00a0Industrie und Strassendienst<\/p>\n","protected":false},"author":3,"featured_media":0,"parent":0,"menu_order":0,"comment_status":"open","ping_status":"open","template":"","meta":{"footnotes":""},"class_list":["post-462","page","type-page","status-publish","hentry"],"jetpack_sharing_enabled":true,"jetpack_shortlink":"https:\/\/wp.me\/P5cYP3-7s","_links":{"self":[{"href":"https:\/\/www.costronic.ch\/index.php\/wp-json\/wp\/v2\/pages\/462"}],"collection":[{"href":"https:\/\/www.costronic.ch\/index.php\/wp-json\/wp\/v2\/pages"}],"about":[{"href":"https:\/\/www.costronic.ch\/index.php\/wp-json\/wp\/v2\/types\/page"}],"author":[{"embeddable":true,"href":"https:\/\/www.costronic.ch\/index.php\/wp-json\/wp\/v2\/users\/3"}],"replies":[{"embeddable":true,"href":"https:\/\/www.costronic.ch\/index.php\/wp-json\/wp\/v2\/comments?post=462"}],"version-history":[{"count":5,"href":"https:\/\/www.costronic.ch\/index.php\/wp-json\/wp\/v2\/pages\/462\/revisions"}],"predecessor-version":[{"id":3042,"href":"https:\/\/www.costronic.ch\/index.php\/wp-json\/wp\/v2\/pages\/462\/revisions\/3042"}],"wp:attachment":[{"href":"https:\/\/www.costronic.ch\/index.php\/wp-json\/wp\/v2\/media?parent=462"}],"curies":[{"name":"wp","href":"https:\/\/api.w.org\/{rel}","templated":true}]}}